{"id":209,"date":"2025-08-11T11:44:59","date_gmt":"2025-08-11T11:44:59","guid":{"rendered":"http:\/\/lefoyerdesabeilles.fr\/?page_id=209"},"modified":"2026-02-03T08:39:23","modified_gmt":"2026-02-03T08:39:23","slug":"parentalite","status":"publish","type":"page","link":"https:\/\/lefoyerdesabeilles.fr\/index.php\/parentalite\/","title":{"rendered":"Parentalit\u00e9"},"content":{"rendered":"\n<p>Le Foyer des Abeilles d\u00e9veloppe des actions en direction des familles afin de soutenir la parentalit\u00e9, consid\u00e9r\u00e9e comme un enjeu essentiel du bien-\u00eatre des enfants et des adultes.<\/p>\n\n\n\n<p>Nos propositions visent \u00e0 :<\/p>\n\n\n\n<ul class=\"wp-block-list\">\n<li>favoriser l\u2019\u00e9change entre parents autour de leurs exp\u00e9riences et questionnements,<\/li>\n\n\n\n<li>renforcer les comp\u00e9tences parentales par la mise en commun de savoirs et de pratiques,<\/li>\n\n\n\n<li>contribuer au d\u00e9veloppement du lien social et \u00e0 la pr\u00e9vention de l\u2019isolement des familles.<\/li>\n<\/ul>\n\n\n\n<p>Deux dispositifs sont mis en place dans ce cadre :<\/p>\n\n\n\n<ul class=\"wp-block-list\">\n<li><strong>Les Cercles de parole<\/strong>, qui offrent un espace d\u2019expression et d\u2019\u00e9coute mutuelle, dans un cadre respectueux et bienveillant.<\/li>\n\n\n\n<li><strong>Le caf\u00e9 parents<\/strong>, des temps d\u2019\u00e9changes conviviaux favorisant la rencontre et le partage informel entre parents.<\/li>\n<\/ul>\n\n\n\n<p>Ces actions s\u2019inscrivent dans la mission globale du Foyer des Abeilles, qui \u0153uvre \u00e0 cr\u00e9er des lieux de vie et de ressources accessibles \u00e0 tous.<\/p>\n","protected":false},"excerpt":{"rendered":"<p>Le Foyer des Abeilles d\u00e9veloppe des actions en direction des familles afin de soutenir la parentalit\u00e9, consid\u00e9r\u00e9e comme un enjeu essentiel du bien-\u00eatre des enfants et des adultes. Nos propositions visent \u00e0 : Deux dispositifs sont mis en place dans ce cadre : Ces actions s\u2019inscrivent dans la mission globale du Foyer des Abeilles, qui&hellip;&nbsp;<a href=\"https:\/\/lefoyerdesabeilles.fr\/index.php\/parentalite\/\" rel=\"bookmark\"><span class=\"screen-reader-text\">Parentalit\u00e9<\/span><\/a><\/p>\n","protected":false},"author":1,"featured_media":0,"parent":0,"menu_order":0,"comment_status":"closed","ping_status":"closed","template":"","meta":{"neve_meta_sidebar":"","neve_meta_container":"","neve_meta_enable_content_width":"","neve_meta_content_width":0,"neve_meta_title_alignment":"","neve_meta_author_avatar":"","neve_post_elements_order":"","neve_meta_disable_header":"","neve_meta_disable_footer":"","neve_meta_disable_title":"","footnotes":""},"class_list":["post-209","page","type-page","status-publish","hentry"],"_links":{"self":[{"href":"https:\/\/lefoyerdesabeilles.fr\/index.php\/wp-json\/wp\/v2\/pages\/209","targetHints":{"allow":["GET"]}}],"collection":[{"href":"https:\/\/lefoyerdesabeilles.fr\/index.php\/wp-json\/wp\/v2\/pages"}],"about":[{"href":"https:\/\/lefoyerdesabeilles.fr\/index.php\/wp-json\/wp\/v2\/types\/page"}],"author":[{"embeddable":true,"href":"https:\/\/lefoyerdesabeilles.fr\/index.php\/wp-json\/wp\/v2\/users\/1"}],"replies":[{"embeddable":true,"href":"https:\/\/lefoyerdesabeilles.fr\/index.php\/wp-json\/wp\/v2\/comments?post=209"}],"version-history":[{"count":4,"href":"https:\/\/lefoyerdesabeilles.fr\/index.php\/wp-json\/wp\/v2\/pages\/209\/revisions"}],"predecessor-version":[{"id":934,"href":"https:\/\/lefoyerdesabeilles.fr\/index.php\/wp-json\/wp\/v2\/pages\/209\/revisions\/934"}],"wp:attachment":[{"href":"https:\/\/lefoyerdesabeilles.fr\/index.php\/wp-json\/wp\/v2\/media?parent=209"}],"curies":[{"name":"wp","href":"https:\/\/api.w.org\/{rel}","templated":true}]}}