{"id":249,"date":"2025-08-14T12:05:47","date_gmt":"2025-08-14T12:05:47","guid":{"rendered":"http:\/\/lefoyerdesabeilles.fr\/?page_id=249"},"modified":"2025-08-29T20:37:37","modified_gmt":"2025-08-29T20:37:37","slug":"mentions-legales","status":"publish","type":"page","link":"https:\/\/lefoyerdesabeilles.fr\/index.php\/mentions-legales\/","title":{"rendered":"Mentions l\u00e9gales"},"content":{"rendered":"\n<h3 class=\"wp-block-heading\">\u00c9diteur du site<\/h3>\n\n\n\n<p><strong>Foyer des Abeilles \u2013 Association loi 1901<\/strong><br>Si\u00e8ge social : 1Bis Place Gabriel P\u00e9ri, 83560 GINASSERVIS<\/p>\n\n\n\n<p>Responsable de la publication : Candice Ribois-Verlinde &#8211; B\u00e9n\u00e9vole et tr\u00e9sori\u00e8re de l&#8217;association<br>Contact : info.frjep@gmail.com<\/p>\n\n\n\n<hr class=\"wp-block-separator has-alpha-channel-opacity\"\/>\n\n\n\n<h3 class=\"wp-block-heading\">H\u00e9bergeur<\/h3>\n\n\n\n<p>Ce site est h\u00e9berg\u00e9 par :<br><strong>OVH<\/strong><br>2 rue Kellermann<br>59100 Roubaix \u2013 France<\/p>\n\n\n\n<hr class=\"wp-block-separator has-alpha-channel-opacity\"\/>\n\n\n\n<h3 class=\"wp-block-heading\">Propri\u00e9t\u00e9 intellectuelle<\/h3>\n\n\n\n<p>Les contenus (textes, images, logos) pr\u00e9sents sur ce site sont la propri\u00e9t\u00e9 du <strong>Foyer des Abeilles<\/strong> et ne peuvent \u00eatre reproduits sans autorisation.<\/p>\n\n\n\n<hr class=\"wp-block-separator has-alpha-channel-opacity\"\/>\n\n\n\n<h3 class=\"wp-block-heading\">Donn\u00e9es personnelles \u2014 RGPD<\/h3>\n\n\n\n<p>Les informations recueillies via notre formulaire de contact sont uniquement destin\u00e9es \u00e0 traiter vos demandes. Aucune donn\u00e9e n\u2019est transmise \u00e0 des tiers.<\/p>\n\n\n\n<p>Conform\u00e9ment \u00e0 la loi \u201cInformatique et Libert\u00e9s\u201d et au RGPD, vous pouvez exercer votre droit d\u2019acc\u00e8s, de rectification ou de suppression des donn\u00e9es vous concernant en nous \u00e9crivant \u00e0 : info.frjep@gmail.com<\/p>\n\n\n\n<hr class=\"wp-block-separator has-alpha-channel-opacity\"\/>\n","protected":false},"excerpt":{"rendered":"<p>\u00c9diteur du site Foyer des Abeilles \u2013 Association loi 1901Si\u00e8ge social : 1Bis Place Gabriel P\u00e9ri, 83560 GINASSERVIS Responsable de la publication : Candice Ribois-Verlinde &#8211; B\u00e9n\u00e9vole et tr\u00e9sori\u00e8re de l&#8217;associationContact : info.frjep@gmail.com H\u00e9bergeur Ce site est h\u00e9berg\u00e9 par :OVH2 rue Kellermann59100 Roubaix \u2013 France Propri\u00e9t\u00e9 intellectuelle Les contenus (textes, images, logos) pr\u00e9sents sur ce&hellip;&nbsp;<a href=\"https:\/\/lefoyerdesabeilles.fr\/index.php\/mentions-legales\/\" rel=\"bookmark\"><span class=\"screen-reader-text\">Mentions l\u00e9gales<\/span><\/a><\/p>\n","protected":false},"author":1,"featured_media":0,"parent":0,"menu_order":0,"comment_status":"closed","ping_status":"closed","template":"","meta":{"neve_meta_sidebar":"","neve_meta_container":"","neve_meta_enable_content_width":"","neve_meta_content_width":0,"neve_meta_title_alignment":"","neve_meta_author_avatar":"","neve_post_elements_order":"","neve_meta_disable_header":"","neve_meta_disable_footer":"","neve_meta_disable_title":"","footnotes":""},"class_list":["post-249","page","type-page","status-publish","hentry"],"_links":{"self":[{"href":"https:\/\/lefoyerdesabeilles.fr\/index.php\/wp-json\/wp\/v2\/pages\/249","targetHints":{"allow":["GET"]}}],"collection":[{"href":"https:\/\/lefoyerdesabeilles.fr\/index.php\/wp-json\/wp\/v2\/pages"}],"about":[{"href":"https:\/\/lefoyerdesabeilles.fr\/index.php\/wp-json\/wp\/v2\/types\/page"}],"author":[{"embeddable":true,"href":"https:\/\/lefoyerdesabeilles.fr\/index.php\/wp-json\/wp\/v2\/users\/1"}],"replies":[{"embeddable":true,"href":"https:\/\/lefoyerdesabeilles.fr\/index.php\/wp-json\/wp\/v2\/comments?post=249"}],"version-history":[{"count":3,"href":"https:\/\/lefoyerdesabeilles.fr\/index.php\/wp-json\/wp\/v2\/pages\/249\/revisions"}],"predecessor-version":[{"id":634,"href":"https:\/\/lefoyerdesabeilles.fr\/index.php\/wp-json\/wp\/v2\/pages\/249\/revisions\/634"}],"wp:attachment":[{"href":"https:\/\/lefoyerdesabeilles.fr\/index.php\/wp-json\/wp\/v2\/media?parent=249"}],"curies":[{"name":"wp","href":"https:\/\/api.w.org\/{rel}","templated":true}]}}