{"id":268,"date":"2025-08-14T12:39:29","date_gmt":"2025-08-14T12:39:29","guid":{"rendered":"http:\/\/lefoyerdesabeilles.fr\/?page_id=268"},"modified":"2026-02-03T08:40:43","modified_gmt":"2026-02-03T08:40:43","slug":"programme","status":"publish","type":"page","link":"https:\/\/lefoyerdesabeilles.fr\/index.php\/programme\/","title":{"rendered":"Programme"},"content":{"rendered":"\n<p><strong>D\u00e9couvrez notre programme 2025-2026 !<\/strong><br>Chaque saison au Foyer des Abeilles est une invitation \u00e0 la cr\u00e9ativit\u00e9, au partage et \u00e0 la d\u00e9couverte. <br>Que vous soyez petits ou grands, il y a toujours une activit\u00e9 pour s\u2019\u00e9veiller, s\u2019amuser et se rencontrer !<\/p>\n\n\n\n<figure class=\"wp-block-image size-large\"><img loading=\"lazy\" decoding=\"async\" width=\"819\" height=\"1024\" src=\"https:\/\/lefoyerdesabeilles.fr\/wp-content\/uploads\/2026\/02\/IMG_7520-819x1024.png\" alt=\"\" class=\"wp-image-935\" srcset=\"https:\/\/lefoyerdesabeilles.fr\/wp-content\/uploads\/2026\/02\/IMG_7520-819x1024.png 819w, https:\/\/lefoyerdesabeilles.fr\/wp-content\/uploads\/2026\/02\/IMG_7520-240x300.png 240w, https:\/\/lefoyerdesabeilles.fr\/wp-content\/uploads\/2026\/02\/IMG_7520-768x960.png 768w, https:\/\/lefoyerdesabeilles.fr\/wp-content\/uploads\/2026\/02\/IMG_7520.png 1080w\" sizes=\"auto, (max-width: 819px) 100vw, 819px\" \/><\/figure>\n\n\n\n<figure class=\"wp-block-image size-large\"><img loading=\"lazy\" decoding=\"async\" width=\"1024\" height=\"724\" src=\"https:\/\/lefoyerdesabeilles.fr\/wp-content\/uploads\/2025\/09\/Programme-sept-dec-25-1024x724.png\" alt=\"\" class=\"wp-image-674\" srcset=\"https:\/\/lefoyerdesabeilles.fr\/wp-content\/uploads\/2025\/09\/Programme-sept-dec-25-1024x724.png 1024w, https:\/\/lefoyerdesabeilles.fr\/wp-content\/uploads\/2025\/09\/Programme-sept-dec-25-300x212.png 300w, https:\/\/lefoyerdesabeilles.fr\/wp-content\/uploads\/2025\/09\/Programme-sept-dec-25-768x543.png 768w, https:\/\/lefoyerdesabeilles.fr\/wp-content\/uploads\/2025\/09\/Programme-sept-dec-25-1536x1086.png 1536w, https:\/\/lefoyerdesabeilles.fr\/wp-content\/uploads\/2025\/09\/Programme-sept-dec-25.png 2000w\" sizes=\"auto, (max-width: 1024px) 100vw, 1024px\" \/><\/figure>\n\n\n\n<div style=\"height:87px\" aria-hidden=\"true\" class=\"wp-block-spacer\"><\/div>\n","protected":false},"excerpt":{"rendered":"<p>D\u00e9couvrez notre programme 2025-2026 !Chaque saison au Foyer des Abeilles est une invitation \u00e0 la cr\u00e9ativit\u00e9, au partage et \u00e0 la d\u00e9couverte. Que vous soyez petits ou grands, il y a toujours une activit\u00e9 pour s\u2019\u00e9veiller, s\u2019amuser et se rencontrer !<\/p>\n","protected":false},"author":1,"featured_media":0,"parent":0,"menu_order":0,"comment_status":"closed","ping_status":"closed","template":"","meta":{"neve_meta_sidebar":"","neve_meta_container":"","neve_meta_enable_content_width":"","neve_meta_content_width":0,"neve_meta_title_alignment":"","neve_meta_author_avatar":"","neve_post_elements_order":"","neve_meta_disable_header":"","neve_meta_disable_footer":"","neve_meta_disable_title":"","footnotes":""},"class_list":["post-268","page","type-page","status-publish","hentry"],"_links":{"self":[{"href":"https:\/\/lefoyerdesabeilles.fr\/index.php\/wp-json\/wp\/v2\/pages\/268","targetHints":{"allow":["GET"]}}],"collection":[{"href":"https:\/\/lefoyerdesabeilles.fr\/index.php\/wp-json\/wp\/v2\/pages"}],"about":[{"href":"https:\/\/lefoyerdesabeilles.fr\/index.php\/wp-json\/wp\/v2\/types\/page"}],"author":[{"embeddable":true,"href":"https:\/\/lefoyerdesabeilles.fr\/index.php\/wp-json\/wp\/v2\/users\/1"}],"replies":[{"embeddable":true,"href":"https:\/\/lefoyerdesabeilles.fr\/index.php\/wp-json\/wp\/v2\/comments?post=268"}],"version-history":[{"count":6,"href":"https:\/\/lefoyerdesabeilles.fr\/index.php\/wp-json\/wp\/v2\/pages\/268\/revisions"}],"predecessor-version":[{"id":936,"href":"https:\/\/lefoyerdesabeilles.fr\/index.php\/wp-json\/wp\/v2\/pages\/268\/revisions\/936"}],"wp:attachment":[{"href":"https:\/\/lefoyerdesabeilles.fr\/index.php\/wp-json\/wp\/v2\/media?parent=268"}],"curies":[{"name":"wp","href":"https:\/\/api.w.org\/{rel}","templated":true}]}}