{"id":279,"date":"2025-08-14T12:47:50","date_gmt":"2025-08-14T12:47:50","guid":{"rendered":"http:\/\/lefoyerdesabeilles.fr\/?page_id=279"},"modified":"2025-09-08T13:45:26","modified_gmt":"2025-09-08T13:45:26","slug":"danse-en-ligne","status":"publish","type":"page","link":"https:\/\/lefoyerdesabeilles.fr\/index.php\/danse-en-ligne\/","title":{"rendered":"Danse en ligne"},"content":{"rendered":"\n<p>La danse en ligne consiste \u00e0 r\u00e9aliser des chor\u00e9graphies, g\u00e9n\u00e9ralement en rang\u00e9es ou en lignes, sur des musiques vari\u00e9es. Accessible \u00e0 toutes et tous, m\u00eame aux d\u00e9butants, elle permet de travailler coordination, rythme et m\u00e9moire tout en se d\u00e9pensant et en s\u2019amusant. Une activit\u00e9 conviviale o\u00f9 l\u2019on bouge, sourit et partage de bons moments !<\/p>\n\n\n\n<p><strong>Intervenante :<\/strong> Isabelle Roux<br><strong>Jour &amp; horaire :<\/strong> pour les d\u00e9butants, le mercredi de de 17h \u00e0 18h. Pour les confirm\u00e9s, le mercredi de 18h \u00e0 20h et le vendredi de 18h \u00e0 20h<br><strong>Groupes :<\/strong> d\u00e9butants et confirm\u00e9s<br><strong>Tarif :<\/strong> 140 euros l&#8217;ann\u00e9e<\/p>\n\n\n\n<figure class=\"wp-block-image size-full is-resized\"><img loading=\"lazy\" decoding=\"async\" width=\"695\" height=\"900\" src=\"https:\/\/lefoyerdesabeilles.fr\/wp-content\/uploads\/2025\/08\/Line-Dance-template-1-Fait-avec-PosterMyWall.jpg\" alt=\"\" class=\"wp-image-586\" style=\"width:408px;height:auto\" srcset=\"https:\/\/lefoyerdesabeilles.fr\/wp-content\/uploads\/2025\/08\/Line-Dance-template-1-Fait-avec-PosterMyWall.jpg 695w, https:\/\/lefoyerdesabeilles.fr\/wp-content\/uploads\/2025\/08\/Line-Dance-template-1-Fait-avec-PosterMyWall-232x300.jpg 232w\" sizes=\"auto, (max-width: 695px) 100vw, 695px\" \/><\/figure>\n","protected":false},"excerpt":{"rendered":"<p>La danse en ligne consiste \u00e0 r\u00e9aliser des chor\u00e9graphies, g\u00e9n\u00e9ralement en rang\u00e9es ou en lignes, sur des musiques vari\u00e9es. Accessible \u00e0 toutes et tous, m\u00eame aux d\u00e9butants, elle permet de travailler coordination, rythme et m\u00e9moire tout en se d\u00e9pensant et en s\u2019amusant. Une activit\u00e9 conviviale o\u00f9 l\u2019on bouge, sourit et partage de bons moments !&hellip;&nbsp;<a href=\"https:\/\/lefoyerdesabeilles.fr\/index.php\/danse-en-ligne\/\" rel=\"bookmark\"><span class=\"screen-reader-text\">Danse en ligne<\/span><\/a><\/p>\n","protected":false},"author":1,"featured_media":0,"parent":0,"menu_order":0,"comment_status":"closed","ping_status":"closed","template":"","meta":{"neve_meta_sidebar":"","neve_meta_container":"","neve_meta_enable_content_width":"","neve_meta_content_width":0,"neve_meta_title_alignment":"","neve_meta_author_avatar":"","neve_post_elements_order":"","neve_meta_disable_header":"","neve_meta_disable_footer":"","neve_meta_disable_title":"","footnotes":""},"class_list":["post-279","page","type-page","status-publish","hentry"],"_links":{"self":[{"href":"https:\/\/lefoyerdesabeilles.fr\/index.php\/wp-json\/wp\/v2\/pages\/279","targetHints":{"allow":["GET"]}}],"collection":[{"href":"https:\/\/lefoyerdesabeilles.fr\/index.php\/wp-json\/wp\/v2\/pages"}],"about":[{"href":"https:\/\/lefoyerdesabeilles.fr\/index.php\/wp-json\/wp\/v2\/types\/page"}],"author":[{"embeddable":true,"href":"https:\/\/lefoyerdesabeilles.fr\/index.php\/wp-json\/wp\/v2\/users\/1"}],"replies":[{"embeddable":true,"href":"https:\/\/lefoyerdesabeilles.fr\/index.php\/wp-json\/wp\/v2\/comments?post=279"}],"version-history":[{"count":9,"href":"https:\/\/lefoyerdesabeilles.fr\/index.php\/wp-json\/wp\/v2\/pages\/279\/revisions"}],"predecessor-version":[{"id":764,"href":"https:\/\/lefoyerdesabeilles.fr\/index.php\/wp-json\/wp\/v2\/pages\/279\/revisions\/764"}],"wp:attachment":[{"href":"https:\/\/lefoyerdesabeilles.fr\/index.php\/wp-json\/wp\/v2\/media?parent=279"}],"curies":[{"name":"wp","href":"https:\/\/api.w.org\/{rel}","templated":true}]}}